actor of 1299 and 27638823?
1299
What is the greatest common factor of 16748275 and 50?
25
Calculate the highest common factor of 2925 and 466615.
5
Calculate the greatest common factor of 7070013 and 36.
9
Calculate the greatest common factor of 61513 and 129761.
449
What is the greatest common divisor of 4438958 and 471374?
2234
Calculate the highest common factor of 4118880 and 9120.
480
What is the greatest common factor of 1952 and 724576?
32
Calculate the greatest common factor of 300 and 99676.
4
Calculate the highest common divisor of 2085 and 121740.
15
What is the greatest common factor of 144425 and 17027575?
1325
What is the highest common factor of 35 and 186345145?
35
Calculate the highest common factor of 126465 and 1155.
15
Calculate the greatest common factor of 26 and 46851389.
13
Calculate the greatest common divisor of 3413838 and 442.
34
What is the highest common divisor of 53108 and 1525172?
748
What is the highest common factor of 19832 and 56684?
148
Calculate the greatest common divisor of 2504 and 42260634.
626
Calculate the highest common factor of 557188670 and 10.
10
What is the greatest common factor of 15367 and 222398?
121
Calculate the highest common factor of 187689 and 3072.
3
Calculate the highest common divisor of 6055326 and 74772.
1206
Calculate the highest common divisor of 72075 and 409107.
93
What is the highest common divisor of 2499744 and 2496?
1248
What is the greatest common factor of 571450 and 29150?
550
Calculate the greatest common factor of 17358147 and 8183.
167
Calculate the highest common factor of 6138 and 20066486.
682
Calculate the greatest common factor of 103030 and 14870.
10
What is the greatest common factor of 191040 and 502475?
995
What is the highest common factor of 4488131533 and 773?
773
What is the greatest common divisor of 14295260 and 928?
116
What is the greatest common divisor of 10 and 97628470?
10
What is the highest common divisor of 6954 and 436506?
114
Calculate the highest common divisor of 14243974 and 902.
82
Calculate the highest common divisor of 1560 and 5621408.
104
Calculate the greatest common divisor of 30 and 55667820.
30
Calculate the highest common divisor of 1479504832 and 192.
64
Calculate the highest common factor of 450 and 209025.
225
Calculate the highest common divisor of 160855 and 441755.
265
Calculate the highest common divisor of 14070630 and 60.
30
What is the highest common factor of 234 and 4746174?
6
What is the highest common divisor of 88153533 and 10179?
3393
What is the highest common divisor of 169875 and 107361?
1359
What is the greatest common divisor of 5384 and 22882?
1346
What is the highest common divisor of 19345 and 4065370?
365
What is the highest common factor of 153178 and 78242?
1102
What is the greatest common factor of 405259914 and 26490?
5298
Calculate the highest common divisor of 623467 and 7254.
13
What is the highest common divisor of 242 and 146542?
22
What is the highest common factor of 1433212 and 319?
11
What is the greatest common factor of 242 and 3435333?
11
Calculate the greatest common factor of 14579181 and 9.
9
What is the highest common divisor of 218905932 and 588?
588
What is the greatest common divisor of 16556980 and 8910?
110
Calculate the highest common divisor of 943557 and 15677958.
2571
What is the highest common factor of 68418 and 53279160?
1086
What is the greatest common divisor of 2985 and 382624265?
995
What is the highest common divisor of 64813648 and 80?
16
What is the greatest common factor of 55980448 and 32?
32
Calculate the greatest common divisor of 1748290 and 390.
10
Calculate the greatest common factor of 1133 and 245256.
11
Calculate the highest common divisor of 4535575 and 16775.
275
Calculate the greatest common divisor of 1810372 and 15419.
907
Calculate the greatest common divisor of 959143005 and 135.
135
Calculate the highest common divisor of 228924674 and 44.
22
What is the highest common factor of 16405 and 30213185?
965
What is the highest common divisor of 2607492 and 63828?
2364
What is the greatest common factor of 28784 and 46991679?
1799
What is the highest common factor of 12091 and 1636127?
113
Calculate the greatest common factor of 3658064 and 12.
4
What is the highest common divisor of 168 and 13473992?
56
Calculate the greatest common divisor of 2205 and 124364205.
2205
What is the highest common factor of 92766100 and 700?
700
What is the greatest common divisor of 5278 and 769106?
26
What is the highest common divisor of 30809511 and 2889?
27
What is the highest common divisor of 604 and 563982?
2
Calculate the greatest common divisor of 242388 and 5004.
36
What is the highest common divisor of 203617940 and 420?
20
Calculate the greatest common divisor of 737325 and 13775.
725
Calculate the greatest common factor of 1226916 and 15916.
692
Calculate the greatest common factor of 1241905 and 62345.
185
Calculate the highest common divisor of 2848 and 1390892.
356
Calculate the greatest common factor of 98541 and 25713.
9
Calculate the highest common divisor of 57 and 67332542.
19
What is the highest common divisor of 6438 and 3243642?
222
What is the highest common divisor of 699267766 and 1399?
1399
What is the greatest common factor of 2137486 and 1878487?
2977
Calculate the highest common divisor of 32013 and 99.
9
Calculate the highest common factor of 2499 and 42366282.
147
What is the greatest common factor of 804259 and 36?
1
Calculate the highest common factor of 1066 and 1714037.
13
Calculate the highest common divisor of 9774 and 232223.
181
Calculate the highest common factor of 671195 and 196300.
755
What is the greatest common factor of 73168 and 271252?
68
What is the highest common divisor of 156236993 and 176?
11
What is the greatest common factor of 1852 and 713555228?
1852
Calculate the greatest common factor of 61263326 and 134.
134
Calculate the highest common divisor of 28 and 70855022.
14
What is the greatest common divisor of 151278379 and 7?
7
Calculate the greatest common divisor of 62104560 and 49.
49
Calculate the highest common divisor of 579952 and 24297392.
8656
Calculate the highest common divisor of 4594808 and 222.
74
Calculate the greatest common divisor of 4199325 and 2420475.
4425
Calculate the highest common factor of 402280060 and 140.
140
Calculate the greatest common divisor of 9927785 and 1330.
665
What is the highest common factor of 14400132 and 127982?
1438
Calculate the highest common divisor of 3836761 and 2666.
43
Calculate the greatest common factor of 216 and 4672674.
54
Calculate the greatest common divisor of 134793 and 6921.
9
Calculate the greatest common divisor of 1173236 and 261476.
524
What is the greatest common divisor of 648037 and 480191?
631
Calculate the highest common divisor of 7315 and 596695.
1045
What is the greatest common divisor of 105476 and 32452?
28
Calculate the highest common factor of 57 and 161533763.
19
Calculate the highest common divisor of 88 and 318440.
8
Calculate the highest common factor of 4355856 and 24624.
1296
Calculate the greatest common divisor of 195739 and 61.
1
Calculate the highest common divisor of 31590561 and 3.
3
Calculate the highest common divisor of 14517 and 1804203.
9
What is the greatest common divisor of 40934 and 13983326?
194
What is the highest common factor of 7076 and 8113000?
244
Calculate the greatest common factor of 525782 and 198474.
3482
Calculate the highest common factor of 956029 and 119.
17
What is the highest common factor of 38360 and 336294?
14
Calculate the greatest common divisor of 2743265 and 2303.
49
Calculate the greatest common divisor of 765 and 66735585.
45
Calculate the greatest common divisor of 32025 and 725199720.
6405
What is the highest common factor of 804800 and 1007200?
800
What is the highest common divisor of 4159264 and 1770?
118
What is the highest common factor of 45492046 and 626?
626
What is the greatest common factor of 37345 and 485100?
385
What is the highest common divisor of 206865 and 423960?
15
What is the highest common divisor of 19274769 and 108?
9
Calculate the greatest common divisor of 3139932 and 3180.
636
Calculate the highest common factor of 78 and 7216547.
13
Calculate the greates